{"id":618,"date":"2023-09-01T11:01:44","date_gmt":"2023-09-01T11:01:44","guid":{"rendered":"https:\/\/casa-tesoro.de\/?page_id=618"},"modified":"2023-09-05T07:22:16","modified_gmt":"2023-09-05T07:22:16","slug":"einkaufen","status":"publish","type":"page","link":"https:\/\/casa-tesoro.de\/?page_id=618","title":{"rendered":"Einkaufen"},"content":{"rendered":"\t\t<div data-elementor-type=\"wp-page\" data-elementor-id=\"618\" class=\"elementor elementor-618\" data-elementor-post-type=\"page\">\n\t\t\t\t<div class=\"elementor-element elementor-element-6360c3e e-flex e-con-boxed e-con e-parent\" data-id=\"6360c3e\" data-element_type=\"container\" data-e-type=\"container\">\n\t\t\t\t\t<div class=\"e-con-inner\">\n\t\t\t\t<div class=\"elementor-element elementor-element-e69b20e elementor-widget elementor-widget-spacer\" data-id=\"e69b20e\" data-element_type=\"widget\" data-e-type=\"widget\" data-widget_type=\"spacer.default\">\n\t\t\t\t<div class=\"elementor-widget-container\">\n\t\t\t\t\t\t\t<div class=\"elementor-spacer\">\n\t\t\t<div class=\"elementor-spacer-inner\"><\/div>\n\t\t<\/div>\n\t\t\t\t\t\t<\/div>\n\t\t\t\t<\/div>\n\t\t\t\t<div class=\"elementor-element elementor-element-7ced3af elementor-widget elementor-widget-heading\" data-id=\"7ced3af\" data-element_type=\"widget\" data-e-type=\"widget\" data-widget_type=\"heading.default\">\n\t\t\t\t<div class=\"elementor-widget-container\">\n\t\t\t\t\t<h2 class=\"elementor-heading-title elementor-size-default\">Einkaufen<\/h2>\t\t\t\t<\/div>\n\t\t\t\t<\/div>\n\t\t\t\t\t<\/div>\n\t\t\t\t<\/div>\n\t\t\t\t<section class=\"elementor-section elementor-top-section elementor-element elementor-element-1b33df4b elementor-section-boxed elementor-section-height-default elementor-section-height-default\" data-id=\"1b33df4b\" data-element_type=\"section\" data-e-type=\"section\">\n\t\t\t\t\t\t<div class=\"elementor-container elementor-column-gap-default\">\n\t\t\t\t\t<div class=\"elementor-column elementor-col-50 elementor-top-column elementor-element elementor-element-754be75e\" data-id=\"754be75e\" data-element_type=\"column\" data-e-type=\"column\">\n\t\t\t<div class=\"elementor-widget-wrap elementor-element-populated\">\n\t\t\t\t\t\t<div class=\"elementor-element elementor-element-296dc268 elementor-invisible elementor-widget elementor-widget-image\" data-id=\"296dc268\" data-element_type=\"widget\" data-e-type=\"widget\" data-settings=\"{&quot;_animation&quot;:&quot;zoomIn&quot;}\" data-widget_type=\"image.default\">\n\t\t\t\t<div class=\"elementor-widget-container\">\n\t\t\t\t\t\t\t\t\t\t\t\t\t\t\t<img fetchpriority=\"high\" decoding=\"async\" width=\"1024\" height=\"768\" src=\"https:\/\/casa-tesoro.de\/wp-content\/uploads\/2023\/06\/bennet.jpg.webp\" class=\"attachment-large size-large wp-image-487\" alt=\"\" srcset=\"https:\/\/casa-tesoro.de\/wp-content\/uploads\/2023\/06\/bennet.jpg.webp 1024w, https:\/\/casa-tesoro.de\/wp-content\/uploads\/2023\/06\/bennet.jpg-300x225.webp 300w, https:\/\/casa-tesoro.de\/wp-content\/uploads\/2023\/06\/bennet.jpg-768x576.webp 768w\" sizes=\"(max-width: 1024px) 100vw, 1024px\" \/>\t\t\t\t\t\t\t\t\t\t\t\t\t\t\t<\/div>\n\t\t\t\t<\/div>\n\t\t\t\t\t<\/div>\n\t\t<\/div>\n\t\t\t\t<div class=\"elementor-column elementor-col-50 elementor-top-column elementor-element elementor-element-7de85df7\" data-id=\"7de85df7\" data-element_type=\"column\" data-e-type=\"column\">\n\t\t\t<div class=\"elementor-widget-wrap elementor-element-populated\">\n\t\t\t\t\t\t<div class=\"elementor-element elementor-element-16918645 elementor-invisible elementor-widget elementor-widget-text-editor\" data-id=\"16918645\" data-element_type=\"widget\" data-e-type=\"widget\" data-settings=\"{&quot;_animation&quot;:&quot;slideInUp&quot;}\" data-widget_type=\"text-editor.default\">\n\t\t\t\t<div class=\"elementor-widget-container\">\n\t\t\t\t\t\t\t\t\t<p style=\"font-weight: 400;\"><strong><u>Lovegno<\/u><\/strong><\/p><p style=\"font-weight: 400;\">Eier k\u00f6nnen frisch bei Ezio gekauft werden (6-10 Eier, 2-4\u20ac).<\/p><p style=\"font-weight: 400;\"><strong><u>Superm\u00e4rkte in Imperia<\/u><\/strong><\/p><p style=\"font-weight: 400;\">Benett (in ca. 30 Minuten mit dem Auto erreichbar, in der Zona Industriale kurz vor Imperia, Via Nazionale, 1), vergleichbar mit real oder Kaufland. <strong>Die Benett-Card befindet sich in der Casa in der Kommode im Essbereich. Wichtig: Sie muss an der Kasse zuerst gezeigt werden, d.h. bevor die ersten Produkte gescannt werden!<\/strong> <a href=\"https:\/\/goo.gl\/maps\/E9jNWJK2jobRMknd8\">https:\/\/goo.gl\/maps\/E9jNWJK2jobRMknd8<\/a><\/p><p style=\"font-weight: 400;\">Lidl (in Imperia, in ca. 35 Minuten mit dem Auto erreichbar, Via Argine Sinistro Goffredo Alterisio, 76\/A). <a href=\"https:\/\/goo.gl\/maps\/ASpTwTSULN1Kt9Gq8\">https:\/\/goo.gl\/maps\/ASpTwTSULN1Kt9Gq8<\/a><\/p><p style=\"font-weight: 400;\">Conad Superstore (in Imperia, in ca. 35 Minuten mit dem Auto erreichbar, Via Argine Destro, 347), gro\u00dfer, gut sortierter Supermarkt mit Frischetheken.<\/p><p style=\"font-weight: 400;\"><strong><u>Pieve di Teco<\/u><\/strong><\/p><p style=\"font-weight: 400;\">Antiquit\u00e4tenmarkt mit durchschnittlich 150 Ausstellern: Findet an jedem letzten Sonntag eines Monats statt. <a href=\"https:\/\/www.comune.pievediteco.im.it\/wp\/il-mercato-dellantiquariato\/\">https:\/\/www.comune.pievediteco.im.it\/wp\/il-mercato-dellantiquariato\/<\/a><\/p><p style=\"font-weight: 400;\">Markt \u201eArti e Sapori\u201c: Findet an jedem zweiten Sonntag eines Monats statt.<\/p><p style=\"font-weight: 400;\">I Sapori del Corso: Ein kleines, gem\u00fctliches Caf\u00e9 und Feinkost-Gesch\u00e4ft mit gutem Angebot lokaler Lebensmittel und Weine sowie kleiner Frischetheke. <a href=\"https:\/\/goo.gl\/maps\/uXC8gi3Ta4JfA7oR8\">https:\/\/goo.gl\/maps\/uXC8gi3Ta4JfA7oR8<\/a><\/p><p style=\"font-weight: 400;\"><strong>B\u00e4ckereien<\/strong><\/p><p style=\"font-weight: 400;\">Panetteria Odetto (07-13 und 16-19 Uhr, mittwochs geschlossen): Empfehlenswert sind u.a. die Torta Verde, Focaccia Rossa und die Cannoncini bzw. Cannoli di Pasta sfoglia.<\/p><p style=\"font-weight: 400;\">Panificio Ferrari (05:30-13 und 15:30-19 Uhr, montags geschlossen)<\/p>\t\t\t\t\t\t\t\t<\/div>\n\t\t\t\t<\/div>\n\t\t\t\t\t<\/div>\n\t\t<\/div>\n\t\t\t\t\t<\/div>\n\t\t<\/section>\n\t\t<div class=\"elementor-element elementor-element-2397cb1 e-flex e-con-boxed e-con e-parent\" data-id=\"2397cb1\" data-element_type=\"container\" data-e-type=\"container\">\n\t\t\t\t\t<div class=\"e-con-inner\">\n\t\t<div class=\"elementor-element elementor-element-3b8ee97 e-flex e-con-boxed e-con e-child\" data-id=\"3b8ee97\" data-element_type=\"container\" data-e-type=\"container\">\n\t\t\t\t\t<div class=\"e-con-inner\">\n\t\t\t\t<div class=\"elementor-element elementor-element-b32df1d elementor-widget elementor-widget-heading\" data-id=\"b32df1d\" data-element_type=\"widget\" data-e-type=\"widget\" data-widget_type=\"heading.default\">\n\t\t\t\t<div class=\"elementor-widget-container\">\n\t\t\t\t\t<h2 class=\"elementor-heading-title elementor-size-default\">Markt in Pieve di Teco<\/h2>\t\t\t\t<\/div>\n\t\t\t\t<\/div>\n\t\t\t\t\t<\/div>\n\t\t\t\t<\/div>\n\t\t<div class=\"elementor-element elementor-element-20514bf e-flex e-con-boxed e-con e-child\" data-id=\"20514bf\" data-element_type=\"container\" data-e-type=\"container\">\n\t\t\t\t\t<div class=\"e-con-inner\">\n\t\t\t\t<div class=\"elementor-element elementor-element-e5bd107 elementor-widget elementor-widget-text-editor\" data-id=\"e5bd107\" data-element_type=\"widget\" data-e-type=\"widget\" data-widget_type=\"text-editor.default\">\n\t\t\t\t<div class=\"elementor-widget-container\">\n\t\t\t\t\t\t\t\t\t<p>Jeden Dienstag Markt in Pieve di Teco!<\/p>\t\t\t\t\t\t\t\t<\/div>\n\t\t\t\t<\/div>\n\t\t\t\t<div class=\"elementor-element elementor-element-0ee68c9 elementor-widget elementor-widget-gallery\" data-id=\"0ee68c9\" data-element_type=\"widget\" data-e-type=\"widget\" data-settings=\"{&quot;lazyload&quot;:&quot;yes&quot;,&quot;gallery_layout&quot;:&quot;grid&quot;,&quot;columns&quot;:4,&quot;columns_tablet&quot;:2,&quot;columns_mobile&quot;:1,&quot;gap&quot;:{&quot;unit&quot;:&quot;px&quot;,&quot;size&quot;:10,&quot;sizes&quot;:[]},&quot;gap_tablet&quot;:{&quot;unit&quot;:&quot;px&quot;,&quot;size&quot;:10,&quot;sizes&quot;:[]},&quot;gap_mobile&quot;:{&quot;unit&quot;:&quot;px&quot;,&quot;size&quot;:10,&quot;sizes&quot;:[]},&quot;link_to&quot;:&quot;file&quot;,&quot;aspect_ratio&quot;:&quot;3:2&quot;,&quot;overlay_background&quot;:&quot;yes&quot;,&quot;content_hover_animation&quot;:&quot;fade-in&quot;}\" data-widget_type=\"gallery.default\">\n\t\t\t\t<div class=\"elementor-widget-container\">\n\t\t\t\t\t\t\t<div class=\"elementor-gallery__container\">\n\t\t\t\t\t\t\t<a class=\"e-gallery-item elementor-gallery-item elementor-animated-content\" href=\"https:\/\/casa-tesoro.de\/wp-content\/uploads\/2023\/09\/Verkehrsschild.jpeg\" data-elementor-open-lightbox=\"yes\" data-elementor-lightbox-slideshow=\"0ee68c9\" data-elementor-lightbox-title=\"Verkehrsschild\" data-e-action-hash=\"#elementor-action%3Aaction%3Dlightbox%26settings%3DeyJpZCI6ODUxLCJ1cmwiOiJodHRwczpcL1wvY2FzYS10ZXNvcm8uZGVcL3dwLWNvbnRlbnRcL3VwbG9hZHNcLzIwMjNcLzA5XC9WZXJrZWhyc3NjaGlsZC5qcGVnIiwic2xpZGVzaG93IjoiMGVlNjhjOSJ9\">\n\t\t\t\t\t<div class=\"e-gallery-image elementor-gallery-item__image\" data-thumbnail=\"https:\/\/casa-tesoro.de\/wp-content\/uploads\/2023\/09\/Verkehrsschild-225x300.jpeg\" data-width=\"225\" data-height=\"300\" aria-label=\"\" role=\"img\" ><\/div>\n\t\t\t\t\t\t\t\t\t\t\t<div class=\"elementor-gallery-item__overlay\"><\/div>\n\t\t\t\t\t\t\t\t\t\t\t\t\t\t<\/a>\n\t\t\t\t\t\t\t<a class=\"e-gallery-item elementor-gallery-item elementor-animated-content\" href=\"https:\/\/casa-tesoro.de\/wp-content\/uploads\/2023\/09\/Markttag_1.jpg\" data-elementor-open-lightbox=\"yes\" data-elementor-lightbox-slideshow=\"0ee68c9\" data-elementor-lightbox-title=\"Markttag_1\" data-e-action-hash=\"#elementor-action%3Aaction%3Dlightbox%26settings%3DeyJpZCI6ODQ3LCJ1cmwiOiJodHRwczpcL1wvY2FzYS10ZXNvcm8uZGVcL3dwLWNvbnRlbnRcL3VwbG9hZHNcLzIwMjNcLzA5XC9NYXJrdHRhZ18xLmpwZyIsInNsaWRlc2hvdyI6IjBlZTY4YzkifQ%3D%3D\">\n\t\t\t\t\t<div class=\"e-gallery-image elementor-gallery-item__image\" data-thumbnail=\"https:\/\/casa-tesoro.de\/wp-content\/uploads\/2023\/09\/Markttag_1-225x300.jpg\" data-width=\"225\" data-height=\"300\" aria-label=\"\" role=\"img\" ><\/div>\n\t\t\t\t\t\t\t\t\t\t\t<div class=\"elementor-gallery-item__overlay\"><\/div>\n\t\t\t\t\t\t\t\t\t\t\t\t\t\t<\/a>\n\t\t\t\t\t\t\t<a class=\"e-gallery-item elementor-gallery-item elementor-animated-content\" href=\"https:\/\/casa-tesoro.de\/wp-content\/uploads\/2023\/09\/Markttag_2.jpeg\" data-elementor-open-lightbox=\"yes\" data-elementor-lightbox-slideshow=\"0ee68c9\" data-elementor-lightbox-title=\"Markttag_2\" data-e-action-hash=\"#elementor-action%3Aaction%3Dlightbox%26settings%3DeyJpZCI6ODQ4LCJ1cmwiOiJodHRwczpcL1wvY2FzYS10ZXNvcm8uZGVcL3dwLWNvbnRlbnRcL3VwbG9hZHNcLzIwMjNcLzA5XC9NYXJrdHRhZ18yLmpwZWciLCJzbGlkZXNob3ciOiIwZWU2OGM5In0%3D\">\n\t\t\t\t\t<div class=\"e-gallery-image elementor-gallery-item__image\" data-thumbnail=\"https:\/\/casa-tesoro.de\/wp-content\/uploads\/2023\/09\/Markttag_2-225x300.jpeg\" data-width=\"225\" data-height=\"300\" aria-label=\"\" role=\"img\" ><\/div>\n\t\t\t\t\t\t\t\t\t\t\t<div class=\"elementor-gallery-item__overlay\"><\/div>\n\t\t\t\t\t\t\t\t\t\t\t\t\t\t<\/a>\n\t\t\t\t\t\t\t<a class=\"e-gallery-item elementor-gallery-item elementor-animated-content\" href=\"https:\/\/casa-tesoro.de\/wp-content\/uploads\/2023\/09\/Markttag_3.jpeg\" data-elementor-open-lightbox=\"yes\" data-elementor-lightbox-slideshow=\"0ee68c9\" data-elementor-lightbox-title=\"Markttag_3\" data-e-action-hash=\"#elementor-action%3Aaction%3Dlightbox%26settings%3DeyJpZCI6ODQ5LCJ1cmwiOiJodHRwczpcL1wvY2FzYS10ZXNvcm8uZGVcL3dwLWNvbnRlbnRcL3VwbG9hZHNcLzIwMjNcLzA5XC9NYXJrdHRhZ18zLmpwZWciLCJzbGlkZXNob3ciOiIwZWU2OGM5In0%3D\">\n\t\t\t\t\t<div class=\"e-gallery-image elementor-gallery-item__image\" data-thumbnail=\"https:\/\/casa-tesoro.de\/wp-content\/uploads\/2023\/09\/Markttag_3-225x300.jpeg\" data-width=\"225\" data-height=\"300\" aria-label=\"\" role=\"img\" ><\/div>\n\t\t\t\t\t\t\t\t\t\t\t<div class=\"elementor-gallery-item__overlay\"><\/div>\n\t\t\t\t\t\t\t\t\t\t\t\t\t\t<\/a>\n\t\t\t\t\t<\/div>\n\t\t\t\t\t<\/div>\n\t\t\t\t<\/div>\n\t\t\t\t\t<\/div>\n\t\t\t\t<\/div>\n\t\t\t\t\t<\/div>\n\t\t\t\t<\/div>\n\t\t\t\t<\/div>\n\t\t","protected":false},"excerpt":{"rendered":"<p>Einkaufen Lovegno Eier k\u00f6nnen frisch bei Ezio gekauft werden (6-10 Eier, 2-4\u20ac). Superm\u00e4rkte in Imperia Benett (in ca. 30 Minuten mit dem Auto erreichbar, in der Zona Industriale kurz vor Imperia, Via Nazionale, 1), vergleichbar mit real oder Kaufland. Die Benett-Card befindet sich in der Casa in der Kommode im Essbereich. Wichtig: Sie muss an [&hellip;]<\/p>\n","protected":false},"author":1,"featured_media":0,"parent":0,"menu_order":0,"comment_status":"closed","ping_status":"closed","template":"","meta":{"site-sidebar-layout":"no-sidebar","site-content-layout":"page-builder","ast-site-content-layout":"","site-content-style":"default","site-sidebar-style":"default","ast-global-header-display":"","ast-banner-title-visibility":"","ast-main-header-display":"","ast-hfb-above-header-display":"","ast-hfb-below-header-display":"","ast-hfb-mobile-header-display":"","site-post-title":"disabled","ast-breadcrumbs-content":"","ast-featured-img":"disabled","footer-sml-layout":"","theme-transparent-header-meta":"","adv-header-id-meta":"","stick-header-meta":"","header-above-stick-meta":"","header-main-stick-meta":"","header-below-stick-meta":"","astra-migrate-meta-layouts":"default","ast-page-background-enabled":"default","ast-page-background-meta":{"desktop":{"background-color":"var(--ast-global-color-4)","background-image":"","background-repeat":"repeat","background-position":"center center","background-size":"auto","background-attachment":"scroll","background-type":"","background-media":"","overlay-type":"","overlay-color":"","overlay-opacity":"","overlay-gradient":""},"tablet":{"background-color":"","background-image":"","background-repeat":"repeat","background-position":"center center","background-size":"auto","background-attachment":"scroll","background-type":"","background-media":"","overlay-type":"","overlay-color":"","overlay-opacity":"","overlay-gradient":""},"mobile":{"background-color":"","background-image":"","background-repeat":"repeat","background-position":"center center","background-size":"auto","background-attachment":"scroll","background-type":"","background-media":"","overlay-type":"","overlay-color":"","overlay-opacity":"","overlay-gradient":""}},"ast-content-background-meta":{"desktop":{"background-color":"var(--ast-global-color-5)","background-image":"","background-repeat":"repeat","background-position":"center center","background-size":"auto","background-attachment":"scroll","background-type":"","background-media":"","overlay-type":"","overlay-color":"","overlay-opacity":"","overlay-gradient":""},"tablet":{"background-color":"var(--ast-global-color-5)","background-image":"","background-repeat":"repeat","background-position":"center center","background-size":"auto","background-attachment":"scroll","background-type":"","background-media":"","overlay-type":"","overlay-color":"","overlay-opacity":"","overlay-gradient":""},"mobile":{"background-color":"var(--ast-global-color-5)","background-image":"","background-repeat":"repeat","background-position":"center center","background-size":"auto","background-attachment":"scroll","background-type":"","background-media":"","overlay-type":"","overlay-color":"","overlay-opacity":"","overlay-gradient":""}},"footnotes":""},"class_list":["post-618","page","type-page","status-publish","hentry"],"_links":{"self":[{"href":"https:\/\/casa-tesoro.de\/index.php?rest_route=\/wp\/v2\/pages\/618","targetHints":{"allow":["GET"]}}],"collection":[{"href":"https:\/\/casa-tesoro.de\/index.php?rest_route=\/wp\/v2\/pages"}],"about":[{"href":"https:\/\/casa-tesoro.de\/index.php?rest_route=\/wp\/v2\/types\/page"}],"author":[{"embeddable":true,"href":"https:\/\/casa-tesoro.de\/index.php?rest_route=\/wp\/v2\/users\/1"}],"replies":[{"embeddable":true,"href":"https:\/\/casa-tesoro.de\/index.php?rest_route=%2Fwp%2Fv2%2Fcomments&post=618"}],"version-history":[{"count":10,"href":"https:\/\/casa-tesoro.de\/index.php?rest_route=\/wp\/v2\/pages\/618\/revisions"}],"predecessor-version":[{"id":854,"href":"https:\/\/casa-tesoro.de\/index.php?rest_route=\/wp\/v2\/pages\/618\/revisions\/854"}],"wp:attachment":[{"href":"https:\/\/casa-tesoro.de\/index.php?rest_route=%2Fwp%2Fv2%2Fmedia&parent=618"}],"curies":[{"name":"wp","href":"https:\/\/api.w.org\/{rel}","templated":true}]}}